(t) = 40112*t - 120340. Calculate d(3).
-4
Let y(f) = 44417*f + 977186. Calculate y(-22).
12
Let g(r) = 112*r + 22824. Give g(-202).
200
Let f(i) = 4*i**3 - 189*i**2 + 881*i + 35. Calculate f(42).
-7
Let p(c) = 2*c**3 + 277*c**2 + 970*c + 3354. Determine p(-135).
-21
Let v(g) = 722*g + 5902. Give v(-8).
126
Let n(s) = -1983*s**2 + 27784*s + 19. Determine n(14).
327
Let g(s) = 7*s**3 + s**2 - 1097*s + 3282. What is g(3)?
189
Let a(q) = 64813*q + 518329. Calculate a(-8).
-175
Let u(o) = 1530*o + 101001. Calculate u(-66).
21
Let z(i) = -41484*i + 41467. Determine z(1).
-17
Let i(k) = -768*k + 5362. Give i(7).
-14
Let f(t) = 164*t**3 + 491*t**2 - 137*t - 431. What is f(-3)?
-29
Let j(y) = 570510*y - 31378058. Calculate j(55).
-8
Let z(a) = 2*a**3 + 85*a**2 - 79*a - 5062. Calculate z(-42).
20
Let p(r) = r**3 - 33*r**2 - 4261*r + 143711. Determine p(34).
-7
Let q(v) = 219*v**2 + 41*v + 143. What is q(-3)?
1991
Let g(w) = 8299*w - 298216. What is g(36)?
548
Let w(r) = -4*r**3 + 115*r**2 + 82*r + 26. Determine w(30).
-2014
Let c(q) = 267796*q + 19013519. What is c(-71)?
3
Let k(r) = -14*r**3 - 369*r**2 - 1787*r + 10. Calculate k(-7).
-760
Let w(f) = -f**3 - 39*f**2 - 303*f + 158. Give w(-11).
103
Let j(k) = -k**3 + 15*k**2 + 311*k - 4602. Determine j(15).
63
Let g(m) = 14*m**3 - 79*m**2 + 2792*m - 13966. Calculate g(5).
-231
Let l(g) = -10*g**2 - 87*g - 232. What is l(-4)?
-44
Let t(i) = 20*i**2 - 2828*i + 1118. Give t(141).
-10
Let f(z) = 112*z - 451. What is f(2)?
-227
Let n(j) = 2*j**3 + 60*j**2 - 33*j + 2676. Determine n(-31).
1777
Let y(m) = -199*m**2 - 6625*m - 1911. What is y(-33)?
3
Let f(p) = -36*p**2 - 43*p - 114. Calculate f(-3).
-309
Let p(z) = -21*z**2 + 1478*z + 694. Give p(71).
-229
Let u(d) = 339*d + 2858. What is u(-10)?
-532
Let l(r) = r**3 + 160*r**2 + 471*r + 63. What is l(-157)?
63
Let j(s) = s**2 - 357*s - 31401. What is j(-78)?
2529
Let a(w) = 2*w**3 + 12*w**2 - 9027*w - 54203. Give a(-6).
-41
Let f(u) = -524564*u + 6294762. Determine f(12).
-6
Let w(q) = 3297*q + 125272. Calculate w(-38).
-14
Let m(i) = -i**3 - 6*i**2 + 184*i - 30. What is m(0)?
-30
Let p(o) = -2*o**2 + 93151*o - 651964. Calculate p(7).
-5
Let d(s) = 7*s**3 + 63*s**2 + 92*s + 824. Give d(-9).
-4
Let o(v) = -v**3 + 348*v**2 - 7143*v - 9476. What is o(326)?
-22
Let h(q) = 5*q**2 + 83*q + 346. Give h(-10).
16
Let w(o) = 61*o - 11051. Give w(167).
-864
Let g(y) = -165*y**2 + 1695*y - 1890. What is g(9)?
0
Let o(m) = 2*m**3 - 46*m**2 - 13*m + 540. Calculate o(23).
241
Let r(f) = 8*f**2 - 135*f - 7305. Determine r(40).
95
Let y(q) = 23652*q - 378419. Determine y(16).
13
Let o(g) = -12*g**3 - 61*g**2 - 143*g - 688. What is o(-5)?
2
Let u(o) = 20*o**2 - 526*o + 616. What is u(25)?
-34
Let o(u) = -256*u - 5478. Calculate o(-22).
154
Let u(x) = 22117*x + 221383. Calculate u(-10).
213
Let l(k) = -4*k**2 - 1711*k - 56310. What is l(-36)?
102
Let w(y) = -9468*y - 56697. Calculate w(-6).
111
Let p(g) = 5*g**3 - 96*g**2 - 45*g + 275. Calculate p(20).
975
Let o(t) = -t**3 - 15*t**2 - 7*t - 68. Determine o(-13).
-315
Let y(i) = 596*i**2 + 10132*i - 134. Give y(-17).
-134
Let b(g) = -513*g - 6164. What is b(-15)?
1531
Let j(c) = -52*c**3 + 651*c + 2663. Calculate j(-4).
3387
Let q(x) = -9*x**2 + 250*x - 161. Determine q(26).
255
Let s(n) = -2*n**2 - 7404*n + 119025. Calculate s(16).
49
Let b(t) = -18*t**2 - 1696*t - 3653. Give b(-92).
27
Let p(y) = -2*y**2 + 181*y - 85. What is p(85)?
850
Let d(i) = -23*i**3 + 1887*i**2 - 74*i - 686. What is d(82)?
-30
Let z(g) = 39*g - 4288. Calculate z(80).
-1168
Let v(k) = -2*k**3 - k**2 + 19*k + 2. Give v(-7).
506
Let a(o) = -o**3 + 268*o**2 + 1649*o - 1273. Determine a(274).
97
Let x(z) = -274280*z + 11245426. What is x(41)?
-54
Let x(w) = 2*w**3 - 109*w**2 - 809*w + 971. Calculate x(61).
-5
Let q(p) = 21*p - 3282. Determine q(-47).
-4269
Let q(g) = g**2 + 1421*g - 23840. Give q(17).
606
Let m(o) = -49*o**3 - 1568*o**2 - 6*o - 134. Determine m(-32).
58
Let r(t) = 10850*t + 16611346. Determine r(-1531).
-4
Let b(l) = 59*l**2 - 524*l + 1051. Calculate b(6).
31
Let m(x) = -16*x**2 - 8702*x + 17414. Determine m(2).
-54
Let j(s) = -10747*s + 10750. What is j(1)?
3
Let v(j) = j**3 + 67*j**2 - 612*j + 19188. Determine v(-78).
0
Let d(q) = -4*q**3 + 48*q**2 - 436*q + 4305. Give d(11).
-7
Let l(g) = 78620*g - 550390. Determine l(7).
-50
Let b(g) = -10*g**2 - 747*g - 13740. Give b(-42).
-6
Let z(f) = 31*f**2 - 293*f - 3108. Calculate z(16).
140
Let f(b) = 7*b**2 + 504*b - 2033. Calculate f(4).
95
Let s(o) = -o**3 - 1669*o**2 - 16874*o - 471153. Give s(-1659).
3
Let m(y) = 87*y**2 - 4913*y - 10171. Determine m(-2).
3
Let m(n) = -13*n**2 + 11655*n + 163394. Determine m(-14).
-2324
Let k(c) = c**2 + 7824*c - 259288. Determine k(33).
-7
Let v(g) = 680*g**2 - 239*g - 472. What is v(-2)?
2726
Let v(y) = 31194*y - 1497307. Calculate v(48).
5
Let d(g) = -910*g + 10336. Calculate d(12).
-584
Let p(v) = -297494*v - 594987. What is p(-2)?
1
Let x(w) = -w**3 + 150*w**2 + 452*w - 9. Give x(-3).
12
Let s(o) = -o**3 - 36*o**2 + 124*o + 619. Give s(-39).
346
Let f(j) = 3120*j - 47005. What is f(15)?
-205
Let y(c) = c**3 - 45*c**2 - 5777*c - 3765. Calculate y(102).
9
Let p(i) = -787*i - 112537. Calculate p(-143).
4
Let n(q) = -28*q**2 + 249*q + 718. Calculate n(11).
69
Let a(n) = -2*n**3 + 61*n**2 - 62*n + 1993. Give a(28).
4177
Let x(f) = f**2 + 971*f + 17153. Calculate x(-18).
-1
Let d(o) = 3*o**3 + 26*o**2 - 12*o - 102. Give d(6).
1410
Let t(u) = 153*u - 2958. Determine t(18).
-204
Let a(x) = 13*x**2 - 47*x - 419. Calculate a(16).
2157
Let q(c) = 2*c**2 + 26721*c + 53437. Calculate q(-2).
3
Let x(s) = 1136*s - 12361. What is x(11)?
135
Let r(v) = 4840*v + 140372. What is r(-29)?
12
Let d(x) = x**3 + 13*x**2 - 22*x - 54. Determine d(-4).
178
Let g(y) = 364*y**2 - 2192*y + 61. Give g(6).
13
Let b(m) = 161*m - 27890. Determine b(175).
285
Let q(i) = 2*i**2 - 41*i - 1183. Determine q(-26).
1235
Let m(x) = -3*x**2 - 722*x + 519925. Calculate m(313).
32
Let c(a) = 916*a + 9285. What is c(-10)?
125
Let u(x) = -7*x**2 - 125*x - 9. Determine u(-27).
-1737
Let n(w) = -w**2 - 80*w + 1672. Determine n(-97).
23
Let y(z) = 522*z + 13306. Determine y(-24).
778
Let k(d) = -175*d**2 + 569*d - 175. What is k(6)?
-3061
Let u(n) = 86155*n - 344533. Calculate u(4).
87
Let u(f) = 2*f**2 + 67*f - 2916. Give u(-58).
-74
Let k(c) = -94*c**3 + 13627*c**2 + 437*c - 281. Calculate k(145).
9
Let u(c) = -106*c - 5510. Determine u(-47).
-528
Let l(i) = -63459*i + 2030662. What is l(32)?
-26
Let v(u) = u**2 - 268*u + 1804. What is v(7)?
-23
Let i(r) = 5*r**2 - 41*r + 282. Give i(8).
274
Let o(a) = -2*a**2 - 1438*a - 173203. Give o(-153).
-7
Let c(j) = -2000*j - 59739. Give c(-30).
261
Let s(q) = -5*q**2 + 1030*q + 10079. Give s(216).
-721
Let n(r) = -1517*r - 10202. What is n(-8)?
1934
Let o(i) = 2*i**3 - 14*i**2 - 4115*i - 53. Give o(49).
-4
Let x(d) = 24822*d**2 + 273053*d + 134. What is x(-11)?
13
Let v(s) = 17*s**2 + 1091*s - 11197. What is v(9)?
-1
Let g(u) = -1923*u + 100018. Calculate g(52).
22
Let p(b) = 401*b + 11206. What is p(-28)?
-22
Let x(d) = d**2 - 268*d + 8902. Determine x(38).
162
Let i(x) = -197*x**2 - 10358*x + 4403. Determine i(-53).
4
Let r(o) = o**3 - 3*o**2 + 83943*o - 22. What is r(0)?
-22
Let u(k) = 3930*k - 31229. Give u(8).
211
Let k(g) = 26*g**3 + 86*g**2 - 1386*g - 5510. Give k(-4).
-254
Let y(m) = m**2 - 117*m - 92938. What is y(369)?
50
Let q(n) = -10*n**2 + 1138*n - 22194. What is q(25)?
6
Let b(d) = -4200*d - 88424. Calculate b(-21).
-224
Let t(y) = y**2 + 440*y - 1786. Give t(4).
-10
Let a(v) = -10177*v - 81160. Determine a(-8).
256
Let g(x) = -x**3 - 301*x**2 - 4558*x - 21. Determine g(-16).
-53
Let j(p) = 130356*p + 7169578. What is j(-55)?
-2
Let w(z) = -237*z**2 + 10294*z - 4429. Determine w(43).
0
Let l(f) = -48*f**2 + 8361*f - 1633. Determine l(174).
-67
Let n(d) = d**2 - 57*d - 2443. Give n(-25).
-393
Let t(n) = 234*n**2 + 749*n + 647. Calculate t(-2).
85
Let p(y) = -1205*y**2 - 12062*y - 158. Determine p(-10).
-38
Let j(q) = -22333*q**2 + 111680*q - 17. Give j(5).
58
Let n(f) = -7859*f - 1744688. Determine n(-222).
10
Let x(c) = 5876*c + 305749. Determine x(-52).
197
Let q(n) = n**3 - 20*n**2 + 4396*n - 83148. Calculate q(19).
15
Let u(o) = 5084*o 